{"id":47,"date":"2025-09-21T20:47:46","date_gmt":"2025-09-21T20:47:46","guid":{"rendered":"https:\/\/anti-doping.me\/?page_id=47"},"modified":"2026-05-01T23:23:01","modified_gmt":"2026-05-01T23:23:01","slug":"o-nama","status":"publish","type":"page","link":"https:\/\/anti-doping.me\/mne\/o-nama\/","title":{"rendered":"O nama"},"content":{"rendered":"<div class=\"brz brz-root__container brz-reset-all brz-root__container-page\">\n<section id=\"uAT8iKiQaoch_uAT8iKiQaoch\" class=\"brz-section brz-css-kus9hc brz-css-jh4hzj\">\n<div class=\"brz-section__content brz-section--boxed brz-css-l0lxc brz-css-1g312xj\" data-brz-custom-id=\"sspj9e8ot_nE\">\n<div class=\"brz-bg\">\n<div class=\"brz-bg-image\"><\/div>\n<div class=\"brz-bg-color\"><\/div>\n<\/div>\n<div class=\"brz-container brz-css-g17xrd brz-css-1gq5lpy\">\n<div class=\"brz-row__container brz-css-11p6046 brz-css-g8adia\" data-brz-custom-id=\"xQdsi5xpw2y4\">\n<div class=\"brz-row brz-css-1pnanv1 brz-css-1heuoyt brz-css-15vjkr8\">\n<div class=\"brz-columns brz-css-1cxzjn0 brz-css-362tmr\" data-brz-custom-id=\"yz6N9DF7_6e1\">\n<div class=\"brz-column__items brz-css-u79sbi brz-css-vmcdgw\">\n<div id=\"\" class=\"brz-css-shj7o5 brz-css-iuwqda brz-wrapper\">\n<div class=\"brz-rich-text brz-rich-text__custom brz-css-1fbi2it brz-css-1h5x9vo\" data-brz-custom-id=\"lk7TjOojER0B\">\n<div data-brz-translate-text=\"1\">\n<h1 class=\"brz-tp-lg-heading1 brz-css-woV9M\" data-uniq-id=\"xgOlE\" data-generated-css=\"brz-css-izfTU\"><span class=\"brz-cp-color3\"> <\/span><\/h1>\n<p class=\"brz-fss-lg-px brz-fw-lg-600 brz-ls-lg-m_1_5 brz-lh-lg-1 brz-vfw-lg-400 brz-fwdth-lg-100 brz-fsft-lg-0 brz-tp-lg-empty brz-ff-montserrat brz-ft-google brz-fs-lg-50 brz-css-qJV9M\" data-uniq-id=\"dUm3Z\" data-generated-css=\"brz-css-ghC57\"><span class=\"brz-cp-color3\">O nama<\/span><\/p>\n<\/div>\n<\/div>\n<\/div>\n<div id=\"\" class=\"brz-css-shj7o5 brz-css-p8zknv brz-css-10n7meg brz-wrapper\">\n<div class=\"brz-spacer brz-css-17y6vxf brz-css-1ds9fvl\"><\/div>\n<\/div>\n<div id=\"\" class=\"brz-css-shj7o5 brz-css-p8zknv brz-css-1b45n60 brz-wrapper\">\n<div class=\"brz-spacer brz-css-17y6vxf brz-css-1xz84fr\"><\/div>\n<\/div>\n<\/div>\n<\/div>\n<div class=\"brz-columns brz-css-1cxzjn0 brz-css-1c2xq3c\" data-brz-custom-id=\"uuUkXtSOP1pH\">\n<div class=\"brz-column__items brz-css-u79sbi brz-css-1ir4qrx\"><\/div>\n<\/div>\n<\/div>\n<\/div>\n<\/div>\n<\/div>\n<\/section>\n<section id=\"yUVytMC74srU_yUVytMC74srU\" class=\"brz-section brz-css-d-section brz-css-pc9ord\">\n<div class=\"brz-section__content brz-section--boxed brz-css-d-sectionitem-bg brz-css-1non3wi\" data-brz-custom-id=\"awjx5Ckc2uFU\">\n<div class=\"brz-bg\">\n<div class=\"brz-bg-color\"><\/div>\n<\/div>\n<div class=\"brz-container brz-css-d-sectionitem-container brz-css-cf0t3l\">\n<div class=\"brz-row__container brz-css-d-row-row brz-css-12vlx11\" data-brz-custom-id=\"cHk6UYtrdqAa\">\n<div class=\"brz-row brz-css-d-row-container brz-css-r-row-container brz-css-walfv4\">\n<div class=\"brz-columns brz-css-d-column-column brz-css-4wjjna\" data-brz-custom-id=\"d8MrlnPuqG7y\">\n<div class=\"brz-column__items brz-css-d-column-bg brz-css-1ldrcj3\">\n<div id=\"\" class=\"brz-css-d-wrapper brz-css-14g6vdx brz-wrapper\">\n<div class=\"brz-rich-text brz-rich-text__custom brz-css-d-richtext brz-css-1ej7s7n\" data-brz-custom-id=\"avb1xOa5_Lit\">\n<div data-brz-translate-text=\"1\">\n<p class=\"ql-align-justify brz-fss-lg-px brz-fw-lg-300 brz-ls-lg-0 brz-lh-lg-1_3 brz-vfw-lg-400 brz-fwdth-lg-100 brz-fsft-lg-0 brz-tp-lg-empty brz-ff-montserrat brz-ft-google brz-fs-lg-40 brz-css-uNYia\" data-uniq-id=\"bWFK4\" data-generated-css=\"brz-css-mNGoz\"><span class=\"brz-cp-color8\">Osnivanje<\/span><\/p>\n<\/div>\n<\/div>\n<\/div>\n<\/div>\n<\/div>\n<\/div>\n<\/div>\n<div id=\"\" class=\"brz-css-d-wrapper brz-css-r-wrapper brz-css-c9xi76 brz-wrapper\">\n<div class=\"brz-spacer brz-css-d-spacer brz-css-19x975z\"><\/div>\n<\/div>\n<div class=\"brz-row__container brz-css-d-row-row brz-css-5f30g8\" data-brz-custom-id=\"wzw18OdfBnMl\">\n<div class=\"brz-row brz-css-d-row-container brz-css-r-row-container brz-css-1lnh8qo\">\n<div class=\"brz-columns brz-css-d-column-column brz-css-7eaid2\" data-brz-custom-id=\"y6oP_kDUuL5_\">\n<div class=\"brz-column__items brz-css-d-column-bg brz-css-1k9eo0q\">\n<div id=\"\" class=\"brz-css-d-wrapper brz-css-5h8rdz brz-wrapper\">\n<div class=\"brz-rich-text brz-rich-text__custom brz-css-d-richtext brz-css-1ywn3m4\" data-brz-custom-id=\"h_C7aHXq7oiN\">\n<div data-brz-translate-text=\"1\">\n<p class=\"ql-align-justify brz-tp-lg-empty brz-ff-montserrat brz-ft-google brz-fs-lg-18 brz-fss-lg-px brz-fw-lg-300 brz-ls-lg-0 brz-lh-lg-1_7 brz-vfw-lg-400 brz-fwdth-lg-100 brz-fsft-lg-0 brz-css-y86MH\" data-generated-css=\"brz-css-bA9Wp\" data-uniq-id=\"x7Oid\"><span class=\"brz-cp-color2\">Komisija za antidoping osnovana je od strane Vlade Crne Gore na sjednici dana 31. marta 2022. godine, <\/span><em class=\"brz-cp-color2\">Odlukom o osnivanju Komisije za antidoping<\/em><span class=\"brz-cp-color2\"> u skladu sa Zakonom o izmjenama i dopunama Zakona o sportu (&#8221;Slu\u017ebeni list CG&#8221;, br.44\/18 i 123\/21).<\/span><\/p>\n<p class=\"ql-align-justify brz-tp-lg-empty brz-ff-montserrat brz-ft-google brz-fs-lg-18 brz-fss-lg-px brz-fw-lg-300 brz-ls-lg-0 brz-lh-lg-1_7 brz-vfw-lg-400 brz-fwdth-lg-100 brz-fsft-lg-0 brz-css-iiWiQ\" data-generated-css=\"brz-css-dJIj_\" data-uniq-id=\"cnzic\"><span class=\"brz-cp-color2\">Komisija je u skladu sa me\u0111unarodnim preporukama i zahtjevima WADA {<\/span><em class=\"brz-cp-color2\">World Anti-Doping Agency<\/em><span class=\"brz-cp-color2\">} osnovana kao nacionalno regulatorno pravno lice sa prioritetnim zadacima, da na visokostru\u010dan i odgovoran na\u010din omogu\u0107i sprovo\u0111enje antidoping aktivnosti kroz cijeli opseg nadle\u017enosti, zajedno sa drugim institucijama Crne Gore.<\/span><\/p>\n<p class=\"ql-align-justify brz-tp-lg-empty brz-ff-montserrat brz-ft-google brz-fs-lg-18 brz-fss-lg-px brz-fw-lg-300 brz-ls-lg-0 brz-lh-lg-1_7 brz-vfw-lg-400 brz-fwdth-lg-100 brz-fsft-lg-0 brz-css-acji5\" data-generated-css=\"brz-css-jFGzX\" data-uniq-id=\"bpAFi\"><span class=\"brz-cp-color2\">Komisija za antidoping ima svojstvo pravnog lica i nezavisna je u svom radu, a osnovana je radi pra\u0107enja i sprovo\u0111enja me\u0111unarodnih konvencija protiv dopinga u sportu.<\/span><\/p>\n<p class=\"ql-align-justify brz-tp-lg-empty brz-ff-montserrat brz-ft-google brz-fs-lg-18 brz-fss-lg-px brz-fw-lg-300 brz-ls-lg-0 brz-lh-lg-1_7 brz-vfw-lg-400 brz-fwdth-lg-100 brz-fsft-lg-0 brz-css-cc2yh\" data-generated-css=\"brz-css-bcJCG\" data-uniq-id=\"pp3gy\"><span class=\"brz-cp-color2\">Uvo\u0111enjem nove legislative u oblasti sporta omogu\u0107eno je da se u oblasti antidopinga u Crnoj Gori postave standardi koji odgovaraju najvi\u0161im evropskim i svjetskim standardima, kao i da se sportistima omogu\u0107e fer uslovi za razvoj, napredak i konkurentnost.<\/span><\/p>\n<\/div>\n<\/div>\n<\/div>\n<\/div>\n<\/div>\n<\/div>\n<\/div>\n<div id=\"\" class=\"brz-css-d-wrapper brz-css-188zu39 brz-wrapper\">\n<div class=\"brz-line brz-line-default brz-css-d-line brz-css-1af93e1\" data-brz-custom-id=\"kriZIOJzT78U\">\n<hr class=\"brz-hr\"><\/div>\n<\/div>\n<div id=\"\" class=\"brz-css-d-wrapper brz-css-1nu3iix brz-wrapper\">\n<div class=\"brz-rich-text brz-rich-text__custom brz-css-d-richtext brz-css-2icvp1\" data-brz-custom-id=\"ljq1lt06926_\">\n<div data-brz-translate-text=\"1\">\n<p class=\"brz-ff-montserrat brz-tp-lg-empty brz-fsft-lg-0 brz-fwdth-lg-100 brz-vfw-lg-400 brz-lh-lg-1_3 brz-ls-lg-0 brz-fw-lg-300 brz-fss-lg-px brz-fs-lg-40 brz-ft-google ql-align-justify brz-css-jxlPD\" data-generated-css=\"brz-css-rYpgH\" data-uniq-id=\"fJ1_C\"><span class=\"brz-cp-color8\"> Organizacija Komisije za antidoping<\/span><\/p>\n<\/div>\n<\/div>\n<\/div>\n<div id=\"\" class=\"brz-css-d-wrapper brz-css-r-wrapper brz-css-sp7wk6 brz-wrapper\">\n<div class=\"brz-spacer brz-css-d-spacer brz-css-1kv48ap\"><\/div>\n<\/div>\n<div class=\"brz-row__container brz-css-d-row-row brz-css-xv3v11\" data-brz-custom-id=\"fhu0X_xUXnza\">\n<div class=\"brz-row brz-css-d-row-container brz-css-r-row-container brz-css-756vvr\">\n<div class=\"brz-columns brz-css-d-column-column brz-css-t19rwl\" data-brz-custom-id=\"v_093H98caOO\">\n<div class=\"brz-column__items brz-css-d-column-bg brz-css-13yfbog\">\n<div id=\"\" class=\"brz-css-d-wrapper brz-css-pauki1 brz-wrapper\">\n<div class=\"brz-rich-text brz-rich-text__custom brz-css-d-richtext brz-css-1anfot9\" data-brz-custom-id=\"gfW0JWe7Dsf2\">\n<div data-brz-translate-text=\"1\">\n<p class=\"ql-align-justify brz-tp-lg-empty brz-ff-montserrat brz-ft-google brz-fs-lg-20 brz-fss-lg-px brz-fw-lg-300 brz-ls-lg-0 brz-lh-lg-1_7 brz-vfw-lg-400 brz-fwdth-lg-100 brz-fsft-lg-0 brz-css-xWwOE\" data-generated-css=\"brz-css-iwc16\" data-uniq-id=\"d23w5\"><span class=\"brz-cp-color2\">Komisiju za antidoping u organizacionom smislu \u010dine dva organa, i to savjet i direktor.<\/span><\/p>\n<p class=\"ql-align-justify brz-tp-lg-empty brz-ff-montserrat brz-ft-google brz-fs-lg-20 brz-fss-lg-px brz-fw-lg-300 brz-ls-lg-0 brz-lh-lg-1_7 brz-vfw-lg-400 brz-fwdth-lg-100 brz-fsft-lg-0 brz-css-wruaX\" data-generated-css=\"brz-css-eYJmJ\" data-uniq-id=\"nO2S4\"><span class=\"brz-cp-color2\">Savjet Komisije ima tri \u010dlana, od kojih po jednog \u010dlana imenuju sljede\u0107e sportske organizacije: Savjet za sport Crne Gore, Paraolimpijski komitet Crne Gore i Crnogorski olimpijski komitet.<\/span><\/p>\n<p class=\"ql-align-justify brz-tp-lg-empty brz-ff-montserrat brz-ft-google brz-fs-lg-20 brz-fss-lg-px brz-fw-lg-300 brz-ls-lg-0 brz-lh-lg-1_7 brz-vfw-lg-400 brz-fwdth-lg-100 brz-fsft-lg-0 brz-css-xZD0V\" data-generated-css=\"brz-css-fzqmy\" data-uniq-id=\"h7UcI\"><span class=\"brz-cp-color2\">Direktora Komisije za antidoping imenuje Savjet Komisije za antidoping.<\/span><\/p>\n<\/div>\n<\/div>\n<\/div>\n<\/div>\n<\/div>\n<\/div>\n<\/div>\n<div id=\"\" class=\"brz-css-d-wrapper brz-css-17j0qe5 brz-wrapper\">\n<div class=\"brz-line brz-line-default brz-css-d-line brz-css-1efnpns\" data-brz-custom-id=\"lZR3VY7BSsU5\">\n<hr class=\"brz-hr\"><\/div>\n<\/div>\n<div id=\"\" class=\"brz-css-d-wrapper brz-css-1tyemjf brz-wrapper\">\n<div class=\"brz-rich-text brz-rich-text__custom brz-css-d-richtext brz-css-10duvi1\" data-brz-custom-id=\"kc2l_WVQmtaA\">\n<div data-brz-translate-text=\"1\">\n<p class=\"ql-align-justify brz-ft-google brz-fs-lg-40 brz-fss-lg-px brz-fw-lg-300 brz-ls-lg-0 brz-lh-lg-1_3 brz-vfw-lg-400 brz-fwdth-lg-100 brz-fsft-lg-0 brz-tp-lg-empty brz-ff-montserrat brz-css-yhS_7\" data-uniq-id=\"qfwBQ\" data-generated-css=\"brz-css-wORm_\"><span class=\"brz-cp-color8\">Me\u0111unarodni monitoring<\/span><\/p>\n<\/div>\n<\/div>\n<\/div>\n<div id=\"\" class=\"brz-css-d-wrapper brz-css-1lfsxp3 brz-wrapper\">\n<div class=\"brz-rich-text brz-rich-text__custom brz-css-d-richtext brz-css-wae75v\" data-brz-custom-id=\"o6kCujbsMhKE\">\n<div data-brz-translate-text=\"1\">\n<p class=\"ql-align-justify brz-tp-lg-empty brz-ff-montserrat brz-ft-google brz-fs-lg-20 brz-fss-lg-px brz-fw-lg-300 brz-ls-lg-0 brz-lh-lg-1_7 brz-vfw-lg-400 brz-fwdth-lg-100 brz-fsft-lg-0 brz-css-tcb8a\" data-generated-css=\"brz-css-xkPLN\" data-uniq-id=\"domYU\"><span class=\"brz-cp-color2\">Komisija za antidoping u svom radu sprovedi implementaciju WADA Kodeksa, koja se vr\u0161i prema osam obaveznih me\u0111unarodnih standarda kao i dvanaest smjernica, i to na na\u010din \u0161to se kontinuirano vr\u0161i harmonizacija izme\u0111u antidoping organizacija (ADO) odgovornih za specifi\u010dne tehni\u010dke i operativne djelove antidoping programa.<\/span><\/p>\n<p class=\"ql-align-justify brz-tp-lg-empty brz-ff-montserrat brz-ft-google brz-fs-lg-20 brz-fss-lg-px brz-fw-lg-300 brz-ls-lg-0 brz-lh-lg-1_7 brz-vfw-lg-400 brz-fwdth-lg-100 brz-fsft-lg-0 brz-css-kc_ys\" data-generated-css=\"brz-css-qb5bv\" data-uniq-id=\"tbg_u\"><span class=\"brz-cp-color2\">Me\u0111unarodni standardi za razli\u010dite tehni\u010dke i operativne oblasti su razvijeni u konsultaciji sa potpisnicima Kodeksa i vladama, dok izvr\u0161ni komitet WADA ima mogu\u0107nost da povremeno revidira me\u0111unarodne standard, koje potom potpisnice a\u017euriraju na nacionalnom nivou.<\/span><\/p>\n<p class=\"ql-align-justify brz-tp-lg-empty brz-ff-montserrat brz-ft-google brz-fs-lg-20 brz-fss-lg-px brz-fw-lg-300 brz-ls-lg-0 brz-lh-lg-1_7 brz-vfw-lg-400 brz-fwdth-lg-100 brz-fsft-lg-0 brz-css-kzU7G\" data-generated-css=\"brz-css-eBsKG\" data-uniq-id=\"sAAMJ\"><span class=\"brz-cp-color2\"> <\/span><\/p>\n<p class=\"ql-align-justify brz-tp-lg-empty brz-ff-montserrat brz-ft-google brz-fs-lg-20 brz-fss-lg-px brz-fw-lg-300 brz-ls-lg-0 brz-lh-lg-1_7 brz-vfw-lg-400 brz-fwdth-lg-100 brz-fsft-lg-0 brz-css-bgG4R\" data-generated-css=\"brz-css-hur8m\" data-uniq-id=\"aO8Ts\"><strong class=\"brz-cp-color3\">Osam me\u0111unarodnih standarda:<\/strong><\/p>\n<ul>\n<li class=\"ql-align-justify brz-tp-lg-empty brz-ff-montserrat brz-ft-google brz-fs-lg-20 brz-fss-lg-px brz-fw-lg-300 brz-ls-lg-0 brz-lh-lg-1_7 brz-vfw-lg-400 brz-fwdth-lg-100 brz-fsft-lg-0 brz-bcp-color2 brz-css-uNxe5\" data-generated-css=\"brz-css-rhnFb\" data-uniq-id=\"mi335\"><span class=\"brz-cp-color2\">Po\u0161tovanje kodeksa od strane potpisnica (link)<\/span><\/li>\n<li class=\"ql-align-justify brz-tp-lg-empty brz-ff-montserrat brz-ft-google brz-fs-lg-20 brz-fss-lg-px brz-fw-lg-300 brz-ls-lg-0 brz-lh-lg-1_7 brz-vfw-lg-400 brz-fwdth-lg-100 brz-fsft-lg-0 brz-bcp-color2 brz-css-lDmYc\" data-generated-css=\"brz-css-ny6aE\" data-uniq-id=\"kfZkO\"><span class=\"brz-cp-color2\">Edukacija, Lista zabranjenih sredstava, (link)<\/span><\/li>\n<li class=\"ql-align-justify brz-tp-lg-empty brz-ff-montserrat brz-ft-google brz-fs-lg-20 brz-fss-lg-px brz-fw-lg-300 brz-ls-lg-0 brz-lh-lg-1_7 brz-vfw-lg-400 brz-fwdth-lg-100 brz-fsft-lg-0 brz-bcp-color2 brz-css-uaYtK\" data-generated-css=\"brz-css-hxpBS\" data-uniq-id=\"iZsJN\"><span class=\"brz-cp-color2\">Izuze\u0107a u terapijskoj upotrebi, (link)<\/span><\/li>\n<li class=\"ql-align-justify brz-tp-lg-empty brz-ff-montserrat brz-ft-google brz-fs-lg-20 brz-fss-lg-px brz-fw-lg-300 brz-ls-lg-0 brz-lh-lg-1_7 brz-vfw-lg-400 brz-fwdth-lg-100 brz-fsft-lg-0 brz-bcp-color2 brz-css-ksQv5\" data-generated-css=\"brz-css-eLpwZ\" data-uniq-id=\"boN7_\"><span class=\"brz-cp-color2\">Testiranje i ispitivanja, (link)<\/span><\/li>\n<li class=\"ql-align-justify brz-tp-lg-empty brz-ff-montserrat brz-ft-google brz-fs-lg-20 brz-fss-lg-px brz-fw-lg-300 brz-ls-lg-0 brz-lh-lg-1_7 brz-vfw-lg-400 brz-fwdth-lg-100 brz-fsft-lg-0 brz-bcp-color2 brz-css-jmQJ1\" data-generated-css=\"brz-css-nUjva\" data-uniq-id=\"p2T9o\"><span class=\"brz-cp-color2\">Laboratorije (link)<\/span><\/li>\n<li class=\"ql-align-justify brz-tp-lg-empty brz-ff-montserrat brz-ft-google brz-fs-lg-20 brz-fss-lg-px brz-fw-lg-300 brz-ls-lg-0 brz-lh-lg-1_7 brz-vfw-lg-400 brz-fwdth-lg-100 brz-fsft-lg-0 brz-bcp-color2 brz-css-sVHVD\" data-generated-css=\"brz-css-wfxM4\" data-uniq-id=\"tNX_k\"><span class=\"brz-cp-color2\">Upravljanje rezultatima (link)<\/span><\/li>\n<li class=\"ql-align-justify brz-tp-lg-empty brz-ff-montserrat brz-ft-google brz-fs-lg-20 brz-fss-lg-px brz-fw-lg-300 brz-ls-lg-0 brz-lh-lg-1_7 brz-vfw-lg-400 brz-fwdth-lg-100 brz-fsft-lg-0 brz-bcp-color2 brz-css-t85K5\" data-generated-css=\"brz-css-yWOBn\" data-uniq-id=\"o7Sad\"><span class=\"brz-cp-color2\">Za\u0161tita privatnosti i li\u010dnih podataka (link)<\/span><\/li>\n<\/ul>\n<p class=\"ql-align-justify brz-tp-lg-empty brz-ff-montserrat brz-ft-google brz-fs-lg-20 brz-fss-lg-px brz-fw-lg-300 brz-ls-lg-0 brz-lh-lg-1_7 brz-vfw-lg-400 brz-fwdth-lg-100 brz-fsft-lg-0 brz-css-jCnMf\" data-generated-css=\"brz-css-gN7Fe\" data-uniq-id=\"rFjwK\"><span class=\"brz-cp-color2\">&nbsp;<\/span><\/p>\n<p class=\"ql-align-justify brz-tp-lg-empty brz-ff-montserrat brz-ft-google brz-fs-lg-20 brz-fss-lg-px brz-fw-lg-300 brz-ls-lg-0 brz-lh-lg-1_7 brz-vfw-lg-400 brz-fwdth-lg-100 brz-fsft-lg-0 brz-css-x6HQs\" data-generated-css=\"brz-css-kQGW0\" data-uniq-id=\"sDHey\"><strong class=\"brz-cp-color3\">WADA smjernice:<\/strong><\/p>\n<ul>\n<li class=\"ql-align-justify brz-tp-lg-empty brz-ff-montserrat brz-ft-google brz-fs-lg-20 brz-fss-lg-px brz-fw-lg-300 brz-ls-lg-0 brz-lh-lg-1_7 brz-vfw-lg-400 brz-fwdth-lg-100 brz-fsft-lg-0 brz-bcp-color2 brz-css-sFZzF\" data-generated-css=\"brz-css-tcL8r\" data-uniq-id=\"cv53m\"><span class=\"brz-cp-color2\">Smjernice za obrazovanje (link)<\/span><\/li>\n<li class=\"ql-align-justify brz-tp-lg-empty brz-ff-montserrat brz-ft-google brz-fs-lg-20 brz-fss-lg-px brz-fw-lg-300 brz-ls-lg-0 brz-lh-lg-1_7 brz-vfw-lg-400 brz-fwdth-lg-100 brz-fsft-lg-0 brz-bcp-color2 brz-css-tEsMf\" data-generated-css=\"brz-css-dgp1W\" data-uniq-id=\"yqeiO\"><span class=\"brz-cp-color2\">Smjernice za upravljanje rezultatima (link)<\/span><\/li>\n<li class=\"ql-align-justify brz-tp-lg-empty brz-ff-montserrat brz-ft-google brz-fs-lg-20 brz-fss-lg-px brz-fw-lg-300 brz-ls-lg-0 brz-lh-lg-1_7 brz-vfw-lg-400 brz-fwdth-lg-100 brz-fsft-lg-0 brz-bcp-color2 brz-css-yiGIN\" data-generated-css=\"brz-css-pFazt\" data-uniq-id=\"y3KtC\"><span class=\"brz-cp-color2\">Smjernice za izuze\u0107a u terapijskoj upotrebi (TUE) (link)<\/span><\/li>\n<li class=\"ql-align-justify brz-tp-lg-empty brz-ff-montserrat brz-ft-google brz-fs-lg-20 brz-fss-lg-px brz-fw-lg-300 brz-ls-lg-0 brz-lh-lg-1_7 brz-vfw-lg-400 brz-fwdth-lg-100 brz-fsft-lg-0 brz-bcp-color2 brz-css-eOGc1\" data-generated-css=\"brz-css-fZTge\" data-uniq-id=\"r4oHQ\"><span class=\"brz-cp-color2\">Smjernice za privatnost (link)<\/span><\/li>\n<li class=\"ql-align-justify brz-tp-lg-empty brz-ff-montserrat brz-ft-google brz-fs-lg-20 brz-fss-lg-px brz-fw-lg-300 brz-ls-lg-0 brz-lh-lg-1_7 brz-vfw-lg-400 brz-fwdth-lg-100 brz-fsft-lg-0 brz-bcp-color2 brz-css-tpmXI\" data-generated-css=\"brz-css-jzXII\" data-uniq-id=\"dHVWt\"><span class=\"brz-cp-color2\">Smjernice za prikupljanje uzoraka (link)<\/span><\/li>\n<li class=\"ql-align-justify brz-tp-lg-empty brz-ff-montserrat brz-ft-google brz-fs-lg-20 brz-fss-lg-px brz-fw-lg-300 brz-ls-lg-0 brz-lh-lg-1_7 brz-vfw-lg-400 brz-fwdth-lg-100 brz-fsft-lg-0 brz-bcp-color2 brz-css-dvmoF\" data-generated-css=\"brz-css-eHRrU\" data-uniq-id=\"rz1gg\"><span class=\"brz-cp-color2\">Smjernice za prikupljanje informacija i dijeljenje podataka (link)<\/span><\/li>\n<li class=\"ql-align-justify brz-tp-lg-empty brz-ff-montserrat brz-ft-google brz-fs-lg-20 brz-fss-lg-px brz-fw-lg-300 brz-ls-lg-0 brz-lh-lg-1_7 brz-vfw-lg-400 brz-fwdth-lg-100 brz-fsft-lg-0 brz-bcp-color2 brz-css-heqqa\" data-generated-css=\"brz-css-meFAs\" data-uniq-id=\"hFdEs\"><span class=\"brz-cp-color2\">Smjernice za implementaciju efikasnog programa testiranje (link)<\/span><\/li>\n<li class=\"ql-align-justify brz-tp-lg-empty brz-ff-montserrat brz-ft-google brz-fs-lg-20 brz-fss-lg-px brz-fw-lg-300 brz-ls-lg-0 brz-lh-lg-1_7 brz-vfw-lg-400 brz-fwdth-lg-100 brz-fsft-lg-0 brz-bcp-color2 brz-css-twTUe\" data-generated-css=\"brz-css-m82nA\" data-uniq-id=\"wKvNx\"><span class=\"brz-cp-color2\">Smjernice za osoblje za prikupljanje uzoraka (link)<\/span><\/li>\n<li class=\"ql-align-justify brz-tp-lg-empty brz-ff-montserrat brz-ft-google brz-fs-lg-20 brz-fss-lg-px brz-fw-lg-300 brz-ls-lg-0 brz-lh-lg-1_7 brz-vfw-lg-400 brz-fwdth-lg-100 brz-fsft-lg-0 brz-bcp-color2 brz-css-gUc41\" data-generated-css=\"brz-css-odf3S\" data-uniq-id=\"hy1IB\"><span class=\"brz-cp-color2\">Smjernice za testiranje tokom pandemije (link)<\/span><\/li>\n<li class=\"ql-align-justify brz-tp-lg-empty brz-ff-montserrat brz-ft-google brz-fs-lg-20 brz-fss-lg-px brz-fw-lg-300 brz-ls-lg-0 brz-lh-lg-1_7 brz-vfw-lg-400 brz-fwdth-lg-100 brz-fsft-lg-0 brz-bcp-color2 brz-css-vcEBY\" data-generated-css=\"brz-css-teVJE\" data-uniq-id=\"obsYE\"><span class=\"brz-cp-color2\">Smjernice za testiranje biomarkera ljudskog hormona rasta (hGH) (link)<\/span><\/li>\n<li class=\"ql-align-justify brz-tp-lg-empty brz-ff-montserrat brz-ft-google brz-fs-lg-20 brz-fss-lg-px brz-fw-lg-300 brz-ls-lg-0 brz-lh-lg-1_7 brz-vfw-lg-400 brz-fwdth-lg-100 brz-fsft-lg-0 brz-bcp-color2 brz-css-kZ_I4\" data-generated-css=\"brz-css-nb0Ao\" data-uniq-id=\"exFl8\"><span class=\"brz-cp-color2\">Smjernice za TUE upite od strane akreditovanih laboratorija (link)<\/span><\/li>\n<li class=\"ql-align-justify brz-tp-lg-empty brz-ff-montserrat brz-ft-google brz-fs-lg-20 brz-fss-lg-px brz-fw-lg-300 brz-ls-lg-0 brz-lh-lg-1_7 brz-vfw-lg-400 brz-fwdth-lg-100 brz-fsft-lg-0 brz-bcp-color2 brz-css-s9djJ\" data-generated-css=\"brz-css-c5aNv\" data-uniq-id=\"aNVtG\"><span class=\"brz-cp-color2\">Smjernice za sprovo\u0111enje i izvje\u0161tavanje podugovorenih analiza i dalje analize za kontrolu dopinga (link)<\/span><\/li>\n<li class=\"ql-align-justify brz-tp-lg-empty brz-ff-montserrat brz-ft-google brz-fs-lg-20 brz-fss-lg-px brz-fw-lg-300 brz-ls-lg-0 brz-lh-lg-1_7 brz-vfw-lg-400 brz-fwdth-lg-100 brz-fsft-lg-0 brz-bcp-color2 brz-css-pdgWr\" data-generated-css=\"brz-css-x0kHr\" data-uniq-id=\"fjNsp\"><span class=\"brz-cp-color2\">Smjernice za detekciju genskog dopinga na osnovu lan\u010dane reakcije polimeraze (PCR) (link)<\/span><\/li>\n<\/ul>\n<\/div>\n<\/div>\n<\/div>\n<div id=\"\" class=\"brz-css-d-wrapper brz-css-12n25xv brz-wrapper\">\n<div class=\"brz-line brz-line-default brz-css-d-line brz-css-1ubayy0\" data-brz-custom-id=\"rcWUKx10DxvH\">\n<hr class=\"brz-hr\"><\/div>\n<\/div>\n<div id=\"\" class=\"brz-css-d-wrapper brz-css-r-wrapper brz-css-8lhp8z brz-wrapper\">\n<div class=\"brz-spacer brz-css-d-spacer brz-css-1rqx2u4\"><\/div>\n<\/div>\n<\/div>\n<\/div>\n<\/section><\/div>\n<p><!-- version:1763464654 --><\/p>\n","protected":false},"excerpt":{"rendered":"<p>O nama Osnivanje Komisija za antidoping osnovana je od strane Vlade Crne Gore na sjednici dana 31. marta 2022. godine, Odlukom o osnivanju Komisije za antidoping u skladu sa Zakonom o izmjenama i dopunama Zakona o sportu (&#8221;Slu\u017ebeni list CG&#8221;, br.44\/18 i 123\/21). Komisija je u skladu sa me\u0111unarodnim preporukama i zahtjevima WADA {World Anti-Doping&hellip; <a class=\"more-link\" href=\"https:\/\/anti-doping.me\/mne\/o-nama\/\">Continue reading <span class=\"screen-reader-text\">O nama<\/span><\/a><\/p>\n","protected":false},"author":1,"featured_media":0,"parent":0,"menu_order":0,"comment_status":"closed","ping_status":"closed","template":"brizy-blank-template.php","meta":{"footnotes":""},"class_list":["post-47","page","type-page","status-publish","hentry","entry"],"brizy_media":[{"id":71,"url":"https:\/\/anti-doping.me\/wp-content\/uploads\/2025\/09\/logo_white-1.png","name":"logo_white-1.png","meta":{"brizy_attachment_uid":"wp-d64bf2572e4813e9d6f40f2a949efc38.png","brizy_post_uid":["69ac6f778eb2d78ce14e9e2f9939379e"]}},{"id":83,"url":"https:\/\/anti-doping.me\/wp-content\/uploads\/2025\/09\/group-diverse-athletes-sitting-together-scaled.jpg","name":"group-diverse-athletes-sitting-together.jpg","meta":{"brizy_attachment_uid":"wp-2228b1a7d3bfdc9b4434e9dcefc8822c.jpg","brizy_post_uid":["69ac6f778eb2d78ce14e9e2f9939379e"]}},{"id":142,"url":"https:\/\/anti-doping.me\/wp-content\/uploads\/2025\/09\/cropped-hands-scientist-with-test-tube-using-laptop-table-laboratory-scaled.jpg","name":"cropped-hands-scientist-with-test-tube-using-laptop-table-laboratory.jpg","meta":{"brizy_attachment_uid":"wp-86f1ff7cb072a82fd651cb638f754c34.jpg","brizy_post_uid":["cc46349a0bdd7df996aeb0ec16169460","4c8ee8407f59acf9c4c0caafb95b35b1","af5f76cd6cc025baffcfc0a1d5579e95","69ac6f778eb2d78ce14e9e2f9939379e"]}},{"id":171,"url":"https:\/\/anti-doping.me\/wp-content\/uploads\/2025\/09\/IMG_4515-369x375-1.jpg","name":"IMG_4515-369x375-1.jpg","meta":{"brizy_attachment_uid":"wp-16b22106e7c2b0c121133d6f2f5d34f1.jpg","brizy_post_uid":["af5f76cd6cc025baffcfc0a1d5579e95","69ac6f778eb2d78ce14e9e2f9939379e"]}}],"_links":{"self":[{"href":"https:\/\/anti-doping.me\/mne\/wp-json\/wp\/v2\/pages\/47","targetHints":{"allow":["GET"]}}],"collection":[{"href":"https:\/\/anti-doping.me\/mne\/wp-json\/wp\/v2\/pages"}],"about":[{"href":"https:\/\/anti-doping.me\/mne\/wp-json\/wp\/v2\/types\/page"}],"author":[{"embeddable":true,"href":"https:\/\/anti-doping.me\/mne\/wp-json\/wp\/v2\/users\/1"}],"replies":[{"embeddable":true,"href":"https:\/\/anti-doping.me\/mne\/wp-json\/wp\/v2\/comments?post=47"}],"version-history":[{"count":21,"href":"https:\/\/anti-doping.me\/mne\/wp-json\/wp\/v2\/pages\/47\/revisions"}],"predecessor-version":[{"id":744,"href":"https:\/\/anti-doping.me\/mne\/wp-json\/wp\/v2\/pages\/47\/revisions\/744"}],"wp:attachment":[{"href":"https:\/\/anti-doping.me\/mne\/wp-json\/wp\/v2\/media?parent=47"}],"curies":[{"name":"wp","href":"https:\/\/api.w.org\/{rel}","templated":true}]}}